site?
True
Is 1857006929 prime?
True
Is 584818197 a prime number?
False
Is 858932021 a prime number?
False
Is 682517599 a prime number?
False
Is 462910117 composite?
False
Is 2180207819 a composite number?
True
Is 2618270843 composite?
False
Is 76124250527 a composite number?
True
Is 126501457 composite?
False
Is 22278139831 a composite number?
False
Is 523450583 a composite number?
True
Is 5525772533 a composite number?
True
Is 16235637961 a composite number?
True
Is 1356630629 a prime number?
False
Is 502039403 a prime number?
False
Is 853511873 a composite number?
False
Is 5044408729 prime?
True
Is 3238511659 a prime number?
True
Is 268094773 prime?
True
Is 8760251263 prime?
True
Is 6480372229 a composite number?
True
Is 140396227541 a prime number?
True
Is 1126512289 a composite number?
True
Is 7503488791 prime?
True
Is 666367573 composite?
True
Is 461070793 a composite number?
False
Is 6207366871 a composite number?
True
Is 1833310943 a composite number?
False
Is 3596332757 prime?
False
Is 19944671681 a prime number?
False
Is 3474506209 composite?
False
Is 892735099 a prime number?
True
Is 160617053 a composite number?
False
Is 9999194189 composite?
False
Is 72553163 composite?
False
Is 1008828493 a prime number?
False
Is 3956723101 prime?
True
Is 2214466297 prime?
False
Is 50008974683 a prime number?
True
Is 271301683 composite?
True
Is 262852836241 a composite number?
True
Is 24004455421 prime?
True
Is 1809295903 composite?
False
Is 23777811571 prime?
True
Is 814289117 a composite number?
False
Is 108653833 composite?
True
Is 525250529 a prime number?
False
Is 5822259829 composite?
False
Is 20988228301 prime?
True
Is 19102423 prime?
True
Is 25136896039 prime?
True
Is 11628334979 composite?
False
Is 850372843 a prime number?
True
Is 25405738411 prime?
False
Is 34074474853 a prime number?
True
Is 903897289 prime?
False
Is 812906249 a prime number?
True
Is 42482832071 a prime number?
True
Is 8941414453 a prime number?
False
Is 12787009553 composite?
False
Is 8009333377 a composite number?
False
Is 4859905181 composite?
False
Is 419044963 composite?
True
Is 6069830509 composite?
False
Is 2149604467 composite?
True
Is 204916849 a prime number?
False
Is 1030436557 a composite number?
True
Is 803034139 a composite number?
True
Is 82954272965 a composite number?
True
Is 489493369 prime?
False
Is 1471107997 a prime number?
True
Is 4107608353 prime?
False
Is 94626225029 a composite number?
True
Is 9519217633 a composite number?
False
Is 217610587583 a composite number?
True
Is 270211093 a composite number?
True
Is 6892961991 a prime number?
False
Is 23653915853 composite?
False
Is 1795381061 a prime number?
False
Is 88150544953 a prime number?
True
Is 393102557 composite?
False
Is 61924591933 composite?
False
Is 38263075247 a prime number?
False
Is 18337633243 composite?
False
Is 5405333081 a composite number?
False
Is 66432005857 a prime number?
False
Is 3783784289 a composite number?
False
Is 172407808945 composite?
True
Is 1338695117 a composite number?
True
Is 489558941 a composite number?
False
Is 86944283243 prime?
False
Is 16375453999 prime?
True
Is 4001558891 composite?
True
Is 37061715991 a prime number?
False
Is 36873311 a composite number?
True
Is 3126690251 a composite number?
False
Is 153359747 prime?
True
Is 4640194627 a prime number?
True
Is 81667397347 composite?
False
Is 446818067 a prime number?
False
Is 31902947033 prime?
True
Is 5751076993 prime?
False
Is 92466963097 prime?
True
Is 25062835753 a composite number?
True
Is 37934261627 a prime number?
False
Is 51281250769 prime?
False
Is 254305648639 prime?
False
Is 104250482137 prime?
False
Is 50698949033 composite?
False
Is 6336144721 prime?
False
Is 23555101 a prime number?
False
Is 2541898369 prime?
True
Is 16464114739 a prime number?
True
Is 21698144747 prime?
False
Is 5255240113 a prime number?
True
Is 5798762107 composite?
True
Is 1123943867 a composite number?
False
Is 219567391 a composite number?
True
Is 692965607 a prime number?
False
Is 1110644495 composite?
True
Is 10401385793 a prime number?
True
Is 7259767663 composite?
False
Is 418258073 a composite number?
False
Is 943104709 a prime number?
True
Is 296611488023 prime?
True
Is 1676881417 a composite number?
True
Is 362258849 prime?
False
Is 38334074819 composite?
False
Is 12810417482 a prime number?
False
Is 15826622291 prime?
False
Is 213585895 prime?
False
Is 805480163 a prime number?
True
Is 841119443 a prime number?
True
Is 51997007 a prime number?
True
Is 5149084621 a prime number?
True
Is 30943777399 a composite number?
False
Is 4822049171 a composite number?
True
Is 565971821 prime?
True
Is 34268081821 a composite number?
True
Is 174251451467 prime?
False
Is 2303461229 prime?
True
Is 3346594933 composite?
True
Is 2288361893 composite?
False
Is 103141714297 a prime number?
True
Is 12430733569 prime?
True
Is 2989055809 prime?
False
Is 3419105527 prime?
True
Is 8526338837 prime?
False
Is 24971184883 composite?
True
Is 59128401947 prime?
False
Is 701374441 a composite number?
False
Is 140365837 a prime number?
False
Is 333129073 a composite number?
False
Is 249972319 a prime number?
True
Is 7230759497 a prime number?
False
Is 7938813611 a prime number?
False
Is 2435964437 composite?
False
Is 121602293 a prime number?
False
Is 991445123 a composite number?
False
Is 11180658694 prime?
False
Is 6543984911 prime?
True
Is 781033261 composite?
True
Is 68430097 prime?
False
Is 12730913201 a composite number?
False
Is 2612299739 prime?
False
Is 106038047 prime?
True
Is 3985213693 composite?
True
Is 30666376199 a composite number?
False
Is 127236163 a composite number?
False
Is 6619138159 a composite number?
True
Is 529465553 a composite number?
False
Is 6039060199 composite?
False
Is 115033900997 prime?
True
Is 3076234801 a prime number?
True
Is 2517562423 composite?
False
Is 6213833167 composite?
True
Is 32636417441 a composite number?
True
Is 1776596483 a prime number?
False
Is 2242612051 a composite number?
True
Is 3548960761 a composite number?
False
Is 2158680157 a composite number?
True
Is 5946098761 a composite number?
False
Is 131466677 a prime number?
True
Is 4510788053 prime?
True
Is 134531461 composite?
True
Is 9315822655 prime?
False
Is 5786196683 composite?
False
Is 30097123967 a prime number?
True
Is 7747571807 prime?
True
Is 139940063 a composite number?
False
Is 7333205123 prime?
False
Is 105691123 a prime number?
True
Is 6050118029 a composite number?
True
Is 13156614677 prime?
True
Is 82697983 a prime number?
False
Is 4977271603 a composite number?
False
Is 349928687 a prime number?
False
Is 300282468935 composite?
True
Is 44791399421 composite?
True
Is 75596309 a composite number?
False
Is 4071834239 composite?
True
Is 2927843609 prime?
True
Is 628744863 a prime number?
False
Is 16597556519 prime?
False
Is 143237909 a composite number?
False
Is 25414424713 composite?
True
Is 38287255373 prime?
True
Is 11108799001 prime?
True
Is 4317977899 composite?
True
Is 1080821069 a composite number?
False
Is 30658978667 a prime number?
False
Is 116354045 a composite number?
True
Is 3396331369 composite?
False
Is 803581811 a composite number?
False
Is 3676376863 prime?
True
Is 997928597 a prime number?
True
Is 42511781281 a composite number?
False
Is 4087644889 prime?
True
Is 40720825823 prime?
False
Is 1456053901 a prime number?
True
Is 16025315561 a composite number?
False
Is 972715554439 a prime number?
True
Is 262795581511 prime?
True
Is 45587180363 a composite number?
True
Is 163389830039 prime?
False
Is 12234045859 a prime number?
False
Is 2120434777 a prime number?
True
Is 40580167477 prime?
False
Is 50337797635 a prime number?
False
Is 171077678 composite?
True
Is 23958669445 composite?
True
Is 133487605 a composite number?
True
Is 54415487471 prime?
True
Is 7127933662 a composite number?
True
Is 1961924347 prime?
True
Is 1105240793 a composite number?
True
Is 67065473 composite?
True
Is 489785801 prime?
True
Is 142057745 prime?
False
Is 3829710539 composite?
False
Is 98987696141 a composite number?
False
Is 456779161 prime?
False
Is 7524483517 a prime number?
True
Is 12820219949 composite?
False
Is 77830723 composite?
False
Is 17916163241 prime?
False
Is 585339540301 a prime number?
True
Is 22423317